/(-7). List the prime factors of (-138)/w*d/4.
23
Let b(y) = -355*y + 3. Let k be b(-1). Suppose 7*a + k - 1107 = 0. List the prime factors of a.
107
Suppose 0 = 11*g - 12*g + 30. Let x(z) = 3*z + 1. Let j be x(1). Suppose 3*m + 140 = j*a, g = 2*a + m - 50. What are the prime factors of a?
2, 19
What are the prime factors of (4413/3)/((153/(-18))/(-17))?
2, 1471
Let t be 420/75 + 4/10. What are the prime factors of 92/6 + t + 66/(-9)?
2, 7
Let i = -84 - -89. Suppose -2*o + 118 = 5*j, -3*o - i*j + 182 = -0*j. List the prime factors of o.
2
Let h(z) = 29*z**2 - 4*z + 6. What are the prime factors of h(-4)?
2, 3
Suppose 3*y - 2 = -4*a - 6, 0 = -a - 1. Suppose 3*g = 3*z - 30, 3*z + 3*g = g + 5. Suppose -r + 11 = 3*j, j = -z*r - y*j + 13. List the prime factors of r.
2
Let a = 35 + -49. Let m be (72/(-63))/(4/a). Suppose 3 = m*o - w - 85, w + 111 = 5*o. What are the prime factors of o?
23
Suppose -4*l + 2433 + 699 = 0. List the prime factors of l.
3, 29
Let n = -107 + 214. List the prime factors of n.
107
Let r = -25 + 18. Let z(v) be the second derivative of v**4/12 + v**3/2 - 2*v**2 - v + 4. What are the prime factors of z(r)?
2, 3
Let u(f) = 693*f - 7. List the prime factors of u(2).
7, 197
Suppose -723 = -2*r + 5*d + 703, 2*r + 5*d - 1466 = 0. List the prime factors of r.
3, 241
Let u be (4/(-3))/((-1)/3). Suppose -4*z - 3*t = u, t + 4 = 4*z + 2*t. What are the prime factors of (-210)/(-6) + -1*z?
3, 11
Suppose 5 = 5*k + 75. Let b = k - 19. Let p = -23 - b. List the prime factors of p.
2, 5
Let g(k) = k + 8. Let y be g(-6). Suppose l = -4*l - 2*z + 642, -z = y*l - 257. Let t = l + -83. List the prime factors of t.
3, 5
Suppose -h = -0 + 2, 0 = -4*q + 4*h - 132. Let p = 3 + q. Let o = p + 76. List the prime factors of o.
2, 11
Suppose 3*r + 198 = -135. Suppose 2*h - 5*d = -165, -4*h - d + 6 = 303. Let a = h - r. List the prime factors of a.
2, 3
Suppose 4*o - 6 = 10*o. What are the prime factors of -2 + 0 - -3 - 86*o?
3, 29
Let k be -1 - -1 - 40/10. What are the prime factors of 6/((-2)/(-4)*k/(-38))?
2, 3, 19
Let d(y) = y + 95 - 39 + 59. Let j be d(0). Suppose 2*n + j = 4*z + 5*n, 2*n = -3*z + 87. List the prime factors of z.
31
Let h(b) = -2*b + 16. Suppose 11 = 3*z - 10. Let y be h(z). List the prime factors of -2*y*75/(-6).
2, 5
Let y(z) be the first derivative of 5*z**4/2 - 2*z**3/3 - 3*z**2/2 - z + 6. Let x be y(-1). Let w(f) = -5*f - 12. List the prime factors of w(x).
2, 19
Suppose -3*u - 9 + 15 = 0. List the prime factors of (1/u)/(5/160).
2
Let n be (-8216)/56 + (-2)/7. Let r = 214 + n. List the prime factors of r.
67
Suppose -3*d - x - 17 = 4*x, -4 = 4*x. Let s(a) = -a**2 - 3*a + 17. Let r(h) = 3*h**2 + 8*h - 52. Let u(c) = d*r(c) - 11*s(c). List the prime factors of u(0).
3, 7
Let x be -2*2/(-8)*0. Let b = 127 + x. What are the prime factors of b?
127
Suppose 0 = -11*f + 32 + 452. Suppose f = o + 3*n - 64, -5*o - n = -470. What are the prime factors of o?
3, 31
Let w = -93 + 92. Let r = w + 103. What are the prime factors of r?
2, 3, 17
Suppose 5*c + 4*g - 3296 = 0, -c - 222 + 877 = 5*g. What are the prime factors of c?
2, 3, 5, 11
Suppose -5*m = -3*m - 24. Let c(g) = 8*g**3 + g**2 - 1. Let r be c(1). Let l = r + m. What are the prime factors of l?
2, 5
Suppose 0 = 11*g - 12*g + 3. Suppose 2*z - g*z = -59. Let p = -42 + z. List the prime factors of p.
17
Let m(a) = -13*a + 115. What are the prime factors of m(4)?
3, 7
Let f(k) = -29*k**2 + 5*k + 21. Let x be f(-6). What are the prime factors of ((-3)/9)/(3/x)?
3, 13
Let s(d) = 16*d**3 - d**2 + 5*d - 18. List the prime factors of s(3).
2, 3, 5, 7
What are the prime factors of (3/(-6)*1)/(1/(-3134))?
1567
Let j = -1527 - -1069. Let c = -324 - j. List the prime factors of c.
2, 67
Suppose -3 = 2*b - 4*x - 23, 0 = -3*b + 2*x + 22. Let h(m) = m**3 - 7*m**2 + 7*m - 2. Let k be h(b). List the prime factors of (15/(-2))/(k/(-16)).
2, 3, 5
Suppose 5*h = -0*h + 15. Suppose -2*u = 2*g + g + 7, 0 = -h*g + 3*u + 18. List the prime factors of g + 2 + (-156)/(-4).
2, 3, 7
Let r = 1240 + -759. List the prime factors of r.
13, 37
Let b = -545 + 856. List the prime factors of b.
311
Suppose -3*m = 15, 0 = -5*z - m + 1032 + 3863. What are the prime factors of z?
2, 5, 7
What are the prime factors of 2/8 + 18469/44?
2, 3, 5, 7
Suppose 0 = -3*q + 4*f - 19, -2*q - f + 0*f = 9. Let j(x) = -8*x - 16. Let z(t) = -3*t - 5. Let d(p) = -2*j(p) + 7*z(p). What are the prime factors of d(q)?
2, 11
Suppose -s + 10 = -n - 0*s, 26 = -3*n + s. Let h(v) = -v**3 - 8*v**2 - 12*v - 28. What are the prime factors of h(n)?
2, 17
Let c be (-6)/(-1)*(3 + 0). Let b = -124 - -14. List the prime factors of 12/c - b/6.
19
What are the prime factors of 27/18 - 16425/(-6)?
3, 11, 83
Let i be (-6)/(-9)*(-3 - 15). Let j be 9/(-12)*i/3. Suppose 0 = -j*u - 0*p + 5*p + 62, -u = p - 18. What are the prime factors of u?
19
Suppose -1 = -3*b + 8. Suppose 0 = 6*x - b*x - 171. Let u = -40 + x. What are the prime factors of u?
17
Suppose 0 = -4*b + 5 - 1. List the prime factors of ((-7)/7)/((b*-1)/38).
2, 19
Let d(g) = g + 5. Let q be d(-5). Suppose 3*b + 2*v = 16 - 1, -4*b - 5*v + 20 = q. What are the prime factors of (4/10)/(b/275)?
2, 11
Let g(r) = 179*r - 612. List the prime factors of g(9).
3, 37
Suppose -3*m = 4*a - 2578, -5*m = -2*a + 249 - 4589. List the prime factors of m.
2, 433
Let m(k) = -16*k - 19. Let z be m(-6). Suppose -c = -5*n - 0*n - z, -c + 4*n + 78 = 0. What are the prime factors of c?
2, 41
Let b = -1321 - -2112. What are the prime factors of b?
7, 113
Let d = -2 + -63. Let j = d - -131. List the prime factors of j.
2, 3, 11
Let z(p) = -p**3 + 11*p**2 + 10*p - 49. List the prime factors of z(11).
61
Suppose -10*w = -7*w - 5832. What are the prime factors of w?
2, 3
Let i(z) = z**2 + 18*z + 106. List the prime factors of i(27).
1321
Suppose -2*s + 5*s = 42. Suppose 0 = 2*c - 1 - 1, 2*c = -4*k - s. List the prime factors of 430/15 - k/(-6).
2, 7
Let m be (24/14)/6 + 452/(-14). What are the prime factors of 8/m + 109/4?
3
Let s(c) be the first derivative of 3*c**2 - 3*c - 3. What are the prime factors of s(10)?
3, 19
Suppose -g + 13 = -2*b + 16, 2*g = -2. Suppose n - 3*n = -24. Let f = n + b. What are the prime factors of f?
13
Let m(r) = 7*r - 35. Let b be m(7). Let o = b + 65. What are the prime factors of o?
79
Let n(j) = -j**2 + 6*j + 2. Let z be n(6). Suppose z*p - 1230 = -8*p. What are the prime factors of p?
3, 41
Let q(x) = 11*x**2 - 6*x + 3. Let t(l) = -10*l**2 + 6*l - 2. Let k(p) = -4*q(p) - 5*t(p). List the prime factors of k(5).
2, 59
Let u be (-291)/6 + 6/12. Let y = 84 + u. What are the prime factors of y?
2, 3
Suppose 0 = -4*i - 69 + 321. Suppose i + 6 = d. List the prime factors of d.
3, 23
Suppose 3*j - 2*h = j + 1558, 3916 = 5*j + 2*h. List the prime factors of j.
2, 17, 23
Let d = -80 - -102. Let r = 78 + d. What are the prime factors of r?
2, 5
List the prime factors of ((-60)/16)/5*(-5 + -995).
2, 3, 5
Suppose -5*x = -10*x + 5*f + 11315, 5*x - 11318 = 2*f. List the prime factors of x.
2, 283
Let z = -24 - -23. List the prime factors of (-830)/15*-1 - z/(-3).
5, 11
Suppose 4*h - 31*u = -33*u + 7404, 0 = 4*h - u - 7410. List the prime factors of h.
2, 463
Suppose q + 4*q - 31 = -y, 13 = -2*y + 5*q. Suppose -4*x = 5*j - y, 5*x - 10 - 8 = -j. Let c(p) = p**3 - 5*p**2 + 5*p + 1. What are the prime factors of c(x)?
5
Let r(s) = -24*s - 1. Let h be r(-1). Suppose h = z + 5*b, -b = 3*b - 16. Suppose a - 2 = -0*a, 0 = -z*x - 4*a + 167. List the prime factors of x.
53
Let y(l) = -172*l - 472. List the prime factors of y(-11).
2, 5, 71
Let q = -68 + 80. List the prime factors of q.
2, 3
Suppose y - 3*y = 126. List the prime factors of ((-8)/(-12))/(12/y)*-2.
7
Let l = -1182 + 1821. List the prime factors of l.
3, 71
Let b(k) = -487*k + 181. What are the prime factors of b(-3)?
2, 821
Let j = -8 - -10. Suppose 3*o - j*o = 23. Suppose 5*f = o + 87. List the prime factors of f.
2, 11
Suppose 4*n = -4*h - 20, n + h = 5*h + 20. Let c = n - -3. Suppose 6*o = c*o + 69. List the prime factors of o.
23
Let f = 2677 - 570. What are the prime factors of f?
7, 43
Suppose -25 = -q + 86. List the prime factors of (-2)/(3/3) + q.
109
Let s be (-1)/(-5) - 29/(-5). Suppose 2*y = -s, -3*y + 172 + 59 = -5*i. Let v = -29 - i. Li